{"id":834,"date":"2024-02-05T08:23:00","date_gmt":"2024-02-05T07:23:00","guid":{"rendered":"https:\/\/bykvoyage.7bulls.com\/?page_id=834"},"modified":"2024-02-05T08:23:00","modified_gmt":"2024-02-05T07:23:00","slug":"tatry-kasprowy-wierch-suche-czuby","status":"publish","type":"page","link":"https:\/\/bykvoyage.7bulls.com\/index.php\/tatry-kasprowy-wierch-suche-czuby\/","title":{"rendered":"Tatry, Kasprowy Wierch, Suche Czuby"},"content":{"rendered":"\n<div class=\"wp-block-columns is-layout-flex wp-container-core-columns-is-layout-9d6595d7 wp-block-columns-is-layout-flex\">\n<div class=\"wp-block-column is-layout-flow wp-block-column-is-layout-flow\">\n<p>Kasprowy \u2013 na piechot\u0119, a nie kolejk\u0105.<br>Nie uznajemy kolejki na g\u00f3r\u0119. Czasami, kiedy jest za p\u00f3\u017ano<\/p>\n\n\n\n<p>na schodzenie, to zje\u017cd\u017camy. Ale nigdy nie je\u017adzimy kolejk\u0105 na g\u00f3r\u0119.<\/p>\n\n\n\n<p>Tablica upami\u0119tniaj\u0105ca wizyt\u0119 Jana Paw\u0142a II na Kasprowym Wierchu znajduje si\u0119 na jednej z naszych najulubie\u0144szych tras wycieczkowych: z Kasprowego Wierchu przez Czerwone Wierchy do Ciemniaka. Zm\u0119czenie dopad\u0142o Byka na Suchych Czubach.<\/p>\n<\/div>\n\n\n\n<div class=\"wp-block-column is-layout-flow wp-block-column-is-layout-flow\">\n<figure class=\"wp-block-image size-large\"><img fetchpriority=\"high\" decoding=\"async\" width=\"768\" height=\"1024\" src=\"https:\/\/bykvoyage.7bulls.com\/wp-content\/uploads\/2024\/02\/A5E43EA1-FF23-446C-9013-329227CD533E-768x1024.jpg\" alt=\"\" class=\"wp-image-835\" srcset=\"https:\/\/bykvoyage.7bulls.com\/wp-content\/uploads\/2024\/02\/A5E43EA1-FF23-446C-9013-329227CD533E-768x1024.jpg 768w, https:\/\/bykvoyage.7bulls.com\/wp-content\/uploads\/2024\/02\/A5E43EA1-FF23-446C-9013-329227CD533E-225x300.jpg 225w, https:\/\/bykvoyage.7bulls.com\/wp-content\/uploads\/2024\/02\/A5E43EA1-FF23-446C-9013-329227CD533E-1152x1536.jpg 1152w, https:\/\/bykvoyage.7bulls.com\/wp-content\/uploads\/2024\/02\/A5E43EA1-FF23-446C-9013-329227CD533E.jpg 1537w\" sizes=\"(max-width: 768px) 100vw, 768px\" \/><\/figure>\n<\/div>\n<\/div>\n\n\n\n<div class=\"wp-block-columns is-layout-flex wp-container-core-columns-is-layout-9d6595d7 wp-block-columns-is-layout-flex\">\n<div class=\"wp-block-column is-layout-flow wp-block-column-is-layout-flow\">\n<figure class=\"wp-block-image size-large\"><img decoding=\"async\" width=\"768\" height=\"1024\" src=\"https:\/\/bykvoyage.7bulls.com\/wp-content\/uploads\/2024\/02\/34DB9F1E-A3DC-4B27-9E57-42FB791C8A87-768x1024.jpg\" alt=\"\" class=\"wp-image-836\" srcset=\"https:\/\/bykvoyage.7bulls.com\/wp-content\/uploads\/2024\/02\/34DB9F1E-A3DC-4B27-9E57-42FB791C8A87-768x1024.jpg 768w, https:\/\/bykvoyage.7bulls.com\/wp-content\/uploads\/2024\/02\/34DB9F1E-A3DC-4B27-9E57-42FB791C8A87-225x300.jpg 225w, https:\/\/bykvoyage.7bulls.com\/wp-content\/uploads\/2024\/02\/34DB9F1E-A3DC-4B27-9E57-42FB791C8A87-1152x1536.jpg 1152w, https:\/\/bykvoyage.7bulls.com\/wp-content\/uploads\/2024\/02\/34DB9F1E-A3DC-4B27-9E57-42FB791C8A87.jpg 1537w\" sizes=\"(max-width: 768px) 100vw, 768px\" \/><\/figure>\n<\/div>\n\n\n\n<div class=\"wp-block-column is-layout-flow wp-block-column-is-layout-flow\">\n<figure class=\"wp-block-image size-large\"><img decoding=\"async\" width=\"1024\" height=\"768\" src=\"https:\/\/bykvoyage.7bulls.com\/wp-content\/uploads\/2024\/02\/BCCC9E24-4169-4B44-94AE-39109EF3AD84-1024x768.jpg\" alt=\"\" class=\"wp-image-837\" srcset=\"https:\/\/bykvoyage.7bulls.com\/wp-content\/uploads\/2024\/02\/BCCC9E24-4169-4B44-94AE-39109EF3AD84-1024x768.jpg 1024w, https:\/\/bykvoyage.7bulls.com\/wp-content\/uploads\/2024\/02\/BCCC9E24-4169-4B44-94AE-39109EF3AD84-300x225.jpg 300w, https:\/\/bykvoyage.7bulls.com\/wp-content\/uploads\/2024\/02\/BCCC9E24-4169-4B44-94AE-39109EF3AD84-768x576.jpg 768w, https:\/\/bykvoyage.7bulls.com\/wp-content\/uploads\/2024\/02\/BCCC9E24-4169-4B44-94AE-39109EF3AD84-1536x1152.jpg 1536w\" sizes=\"(max-width: 1024px) 100vw, 1024px\" \/><\/figure>\n<\/div>\n<\/div>\n","protected":false},"excerpt":{"rendered":"<p>Kasprowy \u2013 na piechot\u0119, a nie kolejk\u0105.Nie uznajemy kolejki na g\u00f3r\u0119. Czasami, kiedy jest za p\u00f3\u017ano na schodzenie, to zje\u017cd\u017camy. Ale nigdy nie je\u017adzimy kolejk\u0105 na g\u00f3r\u0119. Tablica upami\u0119tniaj\u0105ca wizyt\u0119 Jana Paw\u0142a II na Kasprowym Wierchu znajduje si\u0119 na jednej z naszych najulubie\u0144szych tras wycieczkowych: z Kasprowego Wierchu przez Czerwone Wierchy do Ciemniaka. Zm\u0119czenie dopad\u0142o [&hellip;]<\/p>\n","protected":false},"author":3,"featured_media":835,"parent":0,"menu_order":0,"comment_status":"closed","ping_status":"closed","template":"","meta":{"footnotes":""},"categories":[6],"tags":[],"class_list":["post-834","page","type-page","status-publish","has-post-thumbnail","hentry","category-podroze"],"_links":{"self":[{"href":"https:\/\/bykvoyage.7bulls.com\/index.php\/wp-json\/wp\/v2\/pages\/834","targetHints":{"allow":["GET"]}}],"collection":[{"href":"https:\/\/bykvoyage.7bulls.com\/index.php\/wp-json\/wp\/v2\/pages"}],"about":[{"href":"https:\/\/bykvoyage.7bulls.com\/index.php\/wp-json\/wp\/v2\/types\/page"}],"author":[{"embeddable":true,"href":"https:\/\/bykvoyage.7bulls.com\/index.php\/wp-json\/wp\/v2\/users\/3"}],"replies":[{"embeddable":true,"href":"https:\/\/bykvoyage.7bulls.com\/index.php\/wp-json\/wp\/v2\/comments?post=834"}],"version-history":[{"count":1,"href":"https:\/\/bykvoyage.7bulls.com\/index.php\/wp-json\/wp\/v2\/pages\/834\/revisions"}],"predecessor-version":[{"id":838,"href":"https:\/\/bykvoyage.7bulls.com\/index.php\/wp-json\/wp\/v2\/pages\/834\/revisions\/838"}],"wp:featuredmedia":[{"embeddable":true,"href":"https:\/\/bykvoyage.7bulls.com\/index.php\/wp-json\/wp\/v2\/media\/835"}],"wp:attachment":[{"href":"https:\/\/bykvoyage.7bulls.com\/index.php\/wp-json\/wp\/v2\/media?parent=834"}],"wp:term":[{"taxonomy":"category","embeddable":true,"href":"https:\/\/bykvoyage.7bulls.com\/index.php\/wp-json\/wp\/v2\/categories?post=834"},{"taxonomy":"post_tag","embeddable":true,"href":"https:\/\/bykvoyage.7bulls.com\/index.php\/wp-json\/wp\/v2\/tags?post=834"}],"curies":[{"name":"wp","href":"https:\/\/api.w.org\/{rel}","templated":true}]}}