{"id":424,"date":"2024-01-08T08:49:16","date_gmt":"2024-01-08T07:49:16","guid":{"rendered":"https:\/\/bykvoyage.7bulls.com\/?page_id=424"},"modified":"2024-01-12T10:04:16","modified_gmt":"2024-01-12T09:04:16","slug":"petra","status":"publish","type":"page","link":"https:\/\/bykvoyage.7bulls.com\/index.php\/petra\/","title":{"rendered":"Petra"},"content":{"rendered":"\n<div class=\"wp-block-columns is-layout-flex wp-container-core-columns-is-layout-9d6595d7 wp-block-columns-is-layout-flex\">\n<div class=\"wp-block-column is-layout-flow wp-block-column-is-layout-flow\" style=\"flex-basis:66.66%\">\n<h2 class=\"wp-block-heading\">Petra (z gr. \u03c0\u03ad\u03c4\u03c1\u03b1, p\u00e9tra, \u201eska\u0142a\u201d; arab. \u0627\u0644\u0628\u062a\u0631\u0627\u0621, al-Batr\u0101\u02be) \u2013 21 marca 2019<\/h2>\n\n\n\n<p>Byczek w podr\u00f3\u017cy tym razem zawita\u0142 w Petrze. Nic dziwnego, w ko\u0144cu mamy dzie\u0144 wagarowicza \ud83d\ude42<\/p>\n\n\n\n<figure class=\"wp-block-image size-large\"><img fetchpriority=\"high\" decoding=\"async\" width=\"1024\" height=\"1024\" src=\"https:\/\/bykvoyage.7bulls.com\/wp-content\/uploads\/2024\/01\/Photo_by_7bulls.com_on_March_21_2019-1024x1024.jpg\" alt=\"\" class=\"wp-image-427\" srcset=\"https:\/\/bykvoyage.7bulls.com\/wp-content\/uploads\/2024\/01\/Photo_by_7bulls.com_on_March_21_2019-1024x1024.jpg 1024w, https:\/\/bykvoyage.7bulls.com\/wp-content\/uploads\/2024\/01\/Photo_by_7bulls.com_on_March_21_2019-300x300.jpg 300w, https:\/\/bykvoyage.7bulls.com\/wp-content\/uploads\/2024\/01\/Photo_by_7bulls.com_on_March_21_2019-150x150.jpg 150w, https:\/\/bykvoyage.7bulls.com\/wp-content\/uploads\/2024\/01\/Photo_by_7bulls.com_on_March_21_2019-768x768.jpg 768w, https:\/\/bykvoyage.7bulls.com\/wp-content\/uploads\/2024\/01\/Photo_by_7bulls.com_on_March_21_2019.jpg 1079w\" sizes=\"(max-width: 1024px) 100vw, 1024px\" \/><\/figure>\n<\/div>\n\n\n\n<div class=\"wp-block-column is-layout-flow wp-block-column-is-layout-flow\" style=\"flex-basis:50%\"><div class=\"leaflet-map WPLeafletMap\" style=\"height:700px; width:100%;\"><\/div><script>\nwindow.WPLeafletMapPlugin = window.WPLeafletMapPlugin || [];\nwindow.WPLeafletMapPlugin.push(function WPLeafletMapShortcode() {\/*<script>*\/\nvar baseUrl = atob('aHR0cHM6Ly90aWxlLm9wZW5zdHJlZXRtYXAub3JnL3t6fS97eH0ve3l9LnBuZw==');\nvar base = (!baseUrl && window.MQ) ?\n    window.MQ.mapLayer() : L.tileLayer(baseUrl,\n        L.Util.extend({}, {\n            detectRetina: 0,\n        },\n        {\"subdomains\":\"abc\",\"noWrap\":false,\"maxZoom\":19}        )\n    );\n    var options = L.Util.extend({}, {\n        layers: [base],\n        attributionControl: false\n    },\n    {\"zoomControl\":true,\"scrollWheelZoom\":false,\"doubleClickZoom\":false,\"fitBounds\":false,\"minZoom\":0,\"maxZoom\":19,\"maxBounds\":null,\"attribution\":\"<a href=\\\"http:\\\/\\\/leafletjs.com\\\" title=\\\"A JS library for interactive maps\\\">Leaflet<\\\/a>; \\u00a9 <a href=\\\"http:\\\/\\\/www.openstreetmap.org\\\/copyright\\\">OpenStreetMap<\\\/a> contributors\"},\n    {});\nwindow.WPLeafletMapPlugin.createMap(options).setView([30.333894443887,35.444207140415],12);});<\/script><script>\nwindow.WPLeafletMapPlugin = window.WPLeafletMapPlugin || [];\nwindow.WPLeafletMapPlugin.push(function WPLeafletMarkerShortcode() {\/*<script>*\/\nvar map = window.WPLeafletMapPlugin.getCurrentMap();\nvar group = window.WPLeafletMapPlugin.getCurrentGroup();\nvar marker_options = window.WPLeafletMapPlugin.getIconOptions({\"iconUrl\":\"https:\\\/\\\/byvo.pl\\\/byk-svg6.svg\"});\nvar marker = L.marker(\n    [30.333894443887,35.444207140415],\n    marker_options\n);\nvar is_image = map.is_image_map;\nif (marker_options.draggable) {\n    marker.on('dragend', function () {\n        var latlng = this.getLatLng();\n        var lat = latlng.lat;\n        var lng = latlng.lng;\n        if (is_image) {\n            console.log('leaflet-marker y=' + lat + ' x=' + lng);\n        } else {\n            console.log('leaflet-marker lat=' + lat + ' lng=' + lng);\n        }\n    });\n}\nmarker.addTo( group );\nmarker.bindPopup(window.WPLeafletMapPlugin.unescape('Petra'));window.WPLeafletMapPlugin.markers.push( marker );\n        });<\/script>\n<\/div>\n<\/div>\n\n\n\n<div class=\"wp-block-buttons is-layout-flex wp-block-buttons-is-layout-flex\">\n<div class=\"wp-block-button\"><a class=\"wp-block-button__link wp-element-button\" href=\"javascript:history.back()\">Powr\u00f3t<\/a><\/div>\n<\/div>\n","protected":false},"excerpt":{"rendered":"<p>Petra (z gr. \u03c0\u03ad\u03c4\u03c1\u03b1, p\u00e9tra, \u201eska\u0142a\u201d; arab. \u0627\u0644\u0628\u062a\u0631\u0627\u0621, al-Batr\u0101\u02be) \u2013 21 marca 2019 Byczek w podr\u00f3\u017cy tym razem zawita\u0142 w Petrze. Nic dziwnego, w ko\u0144cu mamy dzie\u0144 wagarowicza \ud83d\ude42<\/p>\n","protected":false},"author":3,"featured_media":0,"parent":0,"menu_order":0,"comment_status":"closed","ping_status":"closed","template":"","meta":{"footnotes":""},"categories":[],"tags":[],"class_list":["post-424","page","type-page","status-publish","hentry"],"_links":{"self":[{"href":"https:\/\/bykvoyage.7bulls.com\/index.php\/wp-json\/wp\/v2\/pages\/424","targetHints":{"allow":["GET"]}}],"collection":[{"href":"https:\/\/bykvoyage.7bulls.com\/index.php\/wp-json\/wp\/v2\/pages"}],"about":[{"href":"https:\/\/bykvoyage.7bulls.com\/index.php\/wp-json\/wp\/v2\/types\/page"}],"author":[{"embeddable":true,"href":"https:\/\/bykvoyage.7bulls.com\/index.php\/wp-json\/wp\/v2\/users\/3"}],"replies":[{"embeddable":true,"href":"https:\/\/bykvoyage.7bulls.com\/index.php\/wp-json\/wp\/v2\/comments?post=424"}],"version-history":[{"count":7,"href":"https:\/\/bykvoyage.7bulls.com\/index.php\/wp-json\/wp\/v2\/pages\/424\/revisions"}],"predecessor-version":[{"id":633,"href":"https:\/\/bykvoyage.7bulls.com\/index.php\/wp-json\/wp\/v2\/pages\/424\/revisions\/633"}],"wp:attachment":[{"href":"https:\/\/bykvoyage.7bulls.com\/index.php\/wp-json\/wp\/v2\/media?parent=424"}],"wp:term":[{"taxonomy":"category","embeddable":true,"href":"https:\/\/bykvoyage.7bulls.com\/index.php\/wp-json\/wp\/v2\/categories?post=424"},{"taxonomy":"post_tag","embeddable":true,"href":"https:\/\/bykvoyage.7bulls.com\/index.php\/wp-json\/wp\/v2\/tags?post=424"}],"curies":[{"name":"wp","href":"https:\/\/api.w.org\/{rel}","templated":true}]}}